 remainder when 747 is divided by w?
72
Calculate the remainder when 535 is divided by (214 - 137)*(0 + 2 + -1).
73
Suppose 3*t - 4*k - 114 = -3*k, 2*t - 3*k - 83 = 0. Calculate the remainder when t is divided by (26/6 + 0)*3.
11
Let u be 3 - (2 + -5 + 1). Suppose -y = -5*y + u*w + 51, 0 = -2*w - 6. Calculate the remainder when 26 is divided by 3*3/9*y.
8
Let j(a) = 2*a + 14. Let k be j(-7). Let b(m) = 4*m**2 - 2*m**3 + 61 - 3*m**2 + m + k*m**3 + m**3. What is the remainder when b(0) is divided by 16?
13
Suppose 0 = -597*i + 587*i + 160. Let w = -1 - -6. Suppose 3*x - 4*b = x + 76, -w*x + 4*b = -214. What is the remainder when x is divided by i?
14
Suppose 0 = 8*q - 86 + 22. Suppose 5*g + 61 = 2*s, -3*s + 2*g + 82 = 18. What is the remainder when (-2)/4 - (-549)/s is divided by q?
6
Let s be (-1)/(-2)*16/2. Suppose s*n - 30 = 5*t + 18, 19 = 5*n + 4*t. What is the remainder when n is divided by 2?
1
Suppose -5*o - 3*g + 352 = 0, 0 = 2*o - 4*g - 35 - 85. Let s be 4/(-10) + (-426)/(-15). Let v = o - s. Calculate the remainder when v is divided by 21.
19
Suppose 5*y = 4*y - 5. Let d be (-3 - (0 + 0))*y. Calculate the remainder when 49 is divided by -2 + -3*d/(-3).
10
Suppose 67 = u - 4*h, -3*u + 2*h = -2*u - 77. What is the remainder when u is divided by 22 + -20 + 42/2?
18
Suppose j = 8 + 4. Suppose -17*u + 19*u - j = 0. What is the remainder when 23 is divided by u?
5
Let x be 0/(-1) + -4 + 1. Let i = 12 + -10. What is the remainder when i/x + 955/15 is divided by 22?
19
Let w(u) = u**2 + 18*u - 56. Let o be w(-21). Calculate the remainder when 29*1 + (-5)/(o - 2) is divided by 6.
4
Let h = 202 - -682. Suppose -5*d + d + h = 0. Let t = -138 + d. Calculate the remainder when t is divided by 17.
15
Let o(k) = -k. Let h be o(-5). Suppose -124 = -h*g + 171. Suppose 0 = 4*i + 3*m - g, i - 5*m = 31 + 1. Calculate the remainder when i is divided by 6.
5
Suppose 5*b + 12 = 22. Suppose -b*g = -45 + 15. Calculate the remainder when g is divided by 8.
7
Suppose -4*d + 23 = -17. Suppose 5*z = -5*w + d, z - w + 6 = 3*z. Suppose 139*h - 134*h = 15. What is the remainder when z is divided by h?
1
Let p = 3 - 1. Suppose 2*c = 4*n - 426, 0*n - 535 = -5*n + p*c. Let z = 253 + -225. What is the remainder when n is divided by z?
25
Let w = 5 + 30. Suppose -510 = -0*c - 5*c. Calculate the remainder when c is divided by w.
32
Let r be (-8)/12*573/(-2). Suppose 5*m - 2*j - r = 0, 4*m + j = -0*j + 158. What is the remainder when m is divided by (-2)/5 - (0 + 468/(-45))?
9
Suppose 2*k + 32 - 622 = 0. Calculate the remainder when k is divided by 25.
20
What is the remainder when 33/(-8 - -5)*(-1 - 0) is divided by 8?
3
Suppose 11*l - 5038 = -0*l. Calculate the remainder when l is divided by 51.
50
Suppose 21 = b + 3*d, -4*b - 10*d + 70 = -5*d. Calculate the remainder when 913 is divided by b.
13
Let g(t) = 5*t**2 + 2*t + 3. Let i be g(-1). Calculate the remainder when 29 is divided by (-190)/(-12) + 1/i.
13
Let r be (-4)/(-10) + 798/5. Suppose -r - 71 = -3*x. Calculate the remainder when x is divided by 20.
17
Suppose -3*m - 2*m = -265. Let v(d) = 3*d - 9. Let r be v(7). Let p = r - -2. What is the remainder when m is divided by p?
11
Suppose 0 = -2*z + 92 + 2. Suppose -46 = -4*j + 2*x, -3*j - 2*j + z = x. Calculate the remainder when 45 is divided by j.
5
Let d(r) = -29*r**2 + 5*r - 4. Let g be d(1). Let s = g - -65. Calculate the remainder when s is divided by 12.
1
Let h(m) = m**3 - 3*m**2 - 10*m - 4. What is the remainder when h(7) is divided by 6?
2
Suppose 0 = 7*k - 8*k + 2*p + 49, -5*k + 280 = -3*p. Let z(a) = -6*a. What is the remainder when k is divided by z(-5)?
29
Let g(u) = -2*u - 150. Let b be g(0). What is the remainder when 58 is divided by b/(-5) + -2 + 4?
26
Let w = -52 - -46. Calculate the remainder when 472/w*((-198)/(-12))/(-11) is divided by 31.
25
Let r(h) = -h**3 - 16*h**2 - 35*h - 63. Calculate the remainder when r(-14) is divided by 5.
0
Let i(m) = 41*m**2 + 2*m + 1. Let y = -382 - -393. What is the remainder when i(-1) is divided by y?
7
Let c = 114 + 50. What is the remainder when c is divided by 13?
8
Suppose 5*s = v + 7*s + 1, 4*v = -2*s + 20. Calculate the remainder when 117 is divided by v.
5
Let d = -203 - -293. Calculate the remainder when d is divided by 24.
18
Let r be 7/((-28)/(-20)) - -1. Suppose 0 = -5*p + 3*p + 4*b + r, 5*p + 3*b = 54. What is the remainder when 18*((-8)/(-3))/2 is divided by p?
6
Let j(u) = -u**2 - 5*u + 1. Let g be j(-8). Let i = g + 23. Suppose i = -5*v + 6*v - 11. Calculate the remainder when v is divided by 3.
2
Let v = -3012 + 3118. What is the remainder when v is divided by 57?
49
Suppose 2*k - 23 = -5. Suppose -5 = -7*u + 16. What is the remainder when k is divided by u?
0
Let x(c) = 6*c**2 - c + 3. Let f be x(-3). Suppose 8*y - f = 3*y. What is the remainder when y is divided by ((-140)/(-21))/((-36)/(-27))?
2
Let b = 6 - -25. Let v = -11 + b. Let i = -1093 - -1130. Calculate the remainder when i is divided by v.
17
Let b = -39 - -81. Let o = b + -8. Let r(x) = x**2 - 3*x - 1. What is the remainder when o is divided by r(5)?
7
Let d(p) be the second derivative of 7/6*p**3 + 0 - 11/2*p**2 + 5*p. Calculate the remainder when d(6) is divided by 17.
14
Suppose 4*y = 16*y - 72. Calculate the remainder when 297/(-6)*(-14)/21 is divided by y.
3
Suppose 4*g + 313 = 389. What is the remainder when g is divided by 13?
6
Calculate the remainder when 120 is divided by (-1)/((7 + 118/(-17))*-1).
1
Let f be 4/(-36)*21 + 2/6. Suppose -2*n + 2*a = 2*n - 68, -5*n - 2*a + 85 = 0. What is the remainder when f/(-3) + 588/9 is divided by n?
15
What is the remainder when 98 is divided by (-3)/(-12) - (-507)/52?
8
Calculate the remainder when (7060/(-40))/((-4)/8) is divided by 49.
10
Let p be (-5)/(25/(-10)) - 3. What is the remainder when 48 is divided by (0 - p) + 18 - 2?
14
Suppose 2*j + 234 = 2*i, 8*j - 3*j + 355 = 3*i. Suppose 2*g + i = -3*g. Let a = 0 - g. Calculate the remainder when 90 is divided by a.
21
What is the remainder when 56 is divided by (-324)/(-32) - ((-54)/(-48))/9?
6
Suppose 5*s - 195 = -5*a, -3*s + 2*a = -2*a - 124. What is the remainder when s is divided by 7?
5
Let h be ((-50)/20)/((-2)/(-4)). Let z be -3 - -5 - (h - -3). Suppose 0 = 5*c - 1 - z. Calculate the remainder when 3 is divided by c.
0
Suppose 969 = 40*l - 4151. Calculate the remainder when l is divided by 25.
3
Suppose 114 = 217*i - 214*i. Let n = -10 + 18. What is the remainder when i is divided by n?
6
Let v be (-273)/(-52)*(-32)/(-6). Suppose -3*c + v = 5*f + 8, -5*c = -f - 80. Calculate the remainder when 25 is divided by c.
10
Suppose 2*d - 40 = -4*r, -2*d + 8*r = 6*r - 22. What is the remainder when 59 is divided by d?
3
Let f be -1 - (-2)/((-2)/(-79)). Suppose 3*d + f = g + 2*d, g - 2*d - 78 = 0. Calculate the remainder when g is divided by 16.
14
Let h = 80 - 75. Suppose 0*k + 2*k + 5*i = 20, 30 = 3*k - h*i. Calculate the remainder when 27 is divided by k.
7
Let v = 80 - 61. Let f = 48 - -7. Calculate the remainder when f is divided by v.
17
Let x = -12 - -96. Suppose -3*d + 210 = -x. Calculate the remainder when d is divided by 25.
23
Suppose -9*f + 240 = -309. What is the remainder when 303 is divided by f?
59
Let j be (-8)/10*146 + (-1)/5. Let g = 164 + j. What is the remainder when g is divided by 10?
7
Let q = 86 + -77. Suppose -3*t = -2*x + q, t - 11 = -7*x + 3*x. Calculate the remainder when 4 is divided by x.
1
Suppose 5*k - 1 + 16 = 0, 0 = a - 4*k - 98. What is the remainder when a is divided by 25?
11
Let p = -1353 - -1524. What is the remainder when 352 is divided by p?
10
Let l(w) = w**3 - 6*w + 4. Let v = 4 + -4. Suppose 3*n + 0*n - 12 = v. What is the remainder when l(n) is divided by 23?
21
Let m(s) be the first derivative of -s**4/4 - 5*s**3/3 - 3*s**2/2 + 3*s - 17. What is the remainder when m(-5) is divided by 23/5 + 2/5?
3
Let z = 1 - -3. Suppose -3*j + 35 - 13 = -2*d, 0 = d + z*j. Let f = d - -29. Calculate the remainder when f is divided by 8.
5
Let q = 256 + 210. Let k be q/(-8) - (-2)/8. What is the remainder when (-3 + -1)*k/8 is divided by 8?
5
Suppose 0 = -3*y + 22 - 109. Let h be (-23 - -28)/(2/(-6)). Let p = h - y. Calculate the remainder when 27 is divided by p.
13
Let n be 8/40*(7 + -2). Let d = n - 